factors of 144008.
2, 47, 383
List the prime factors of 10838596.
2, 41, 66089
What are the prime factors of 1337683?
29, 193, 239
What are the prime factors of 1148936?
2, 143617
List the prime factors of 3600053.
3600053
What are the prime factors of 12840339?
3, 41, 104393
What are the prime factors of 2337664?
2, 7, 2609
What are the prime factors of 2059112?
2, 11, 23399
List the prime factors of 233014.
2, 116507
List the prime factors of 208830.
2, 3, 5, 6961
List the prime factors of 1401270.
2, 3, 5, 13, 3593
What are the prime factors of 260548?
2, 53, 1229
What are the prime factors of 12913220?
2, 5, 645661
What are the prime factors of 788113?
31, 25423
What are the prime factors of 19226115?
3, 5, 427247
What are the prime factors of 17324805?
3, 5, 1154987
What are the prime factors of 1630510?
2, 5, 7, 23293
What are the prime factors of 6586246?
2, 3293123
What are the prime factors of 235590?
2, 3, 5, 7853
What are the prime factors of 185965?
5, 13, 2861
What are the prime factors of 236042?
2, 107, 1103
List the prime factors of 129650.
2, 5, 2593
What are the prime factors of 532411?
11, 29, 1669
List the prime factors of 193522.
2, 7, 23, 601
What are the prime factors of 122766?
2, 3, 7, 37, 79
What are the prime factors of 1339581?
3, 181, 2467
What are the prime factors of 1153791?
3, 151, 283
List the prime factors of 141270.
2, 3, 5, 17, 277
List the prime factors of 3285947.
7, 17, 53, 521
List the prime factors of 131589.
3, 14621
What are the prime factors of 14723072?
2, 7, 13, 79
List the prime factors of 710984.
2, 88873
What are the prime factors of 4602886?
2, 17, 331, 409
List the prime factors of 445339.
445339
What are the prime factors of 35965328?
2, 7, 19, 16901
List the prime factors of 544742.
2, 11, 2251
List the prime factors of 1840304.
2, 115019
List the prime factors of 289931.
383, 757
List the prime factors of 1204622.
2, 602311
List the prime factors of 1289283.
3, 19, 22619
List the prime factors of 3635040.
2, 3, 5, 7573
List the prime factors of 4134539.
4134539
What are the prime factors of 177538?
2, 29, 3061
What are the prime factors of 15380703?
3, 13, 47, 2797
What are the prime factors of 21423060?
2, 3, 5, 17, 7001
What are the prime factors of 256956?
2, 3, 7, 19, 23
What are the prime factors of 9421194?
2, 3, 1570199
What are the prime factors of 346497?
3, 115499
What are the prime factors of 125913?
3, 19, 47
List the prime factors of 28465273.
503, 56591
List the prime factors of 76454.
2, 7, 43, 127
List the prime factors of 4617680.
2, 5, 197, 293
List the prime factors of 31026167.
4637, 6691
List the prime factors of 5500563.
3, 1833521
What are the prime factors of 1803943?
149, 12107
What are the prime factors of 401188?
2, 100297
What are the prime factors of 2885142?
2, 3, 13, 47, 787
What are the prime factors of 11197267?
11197267
What are the prime factors of 105161?
7, 83, 181
List the prime factors of 16148786.
2, 109, 74077
What are the prime factors of 169931?
109, 1559
List the prime factors of 1127759.
23, 49033
What are the prime factors of 2223244?
2, 53, 10487
What are the prime factors of 13195?
5, 7, 13, 29
What are the prime factors of 523386?
2, 3, 29077
List the prime factors of 8327720.
2, 5, 61, 3413
What are the prime factors of 3583595?
5, 53, 13523
List the prime factors of 8667824.
2, 11, 17, 2897
List the prime factors of 42461.
42461
List the prime factors of 842139.
3, 137, 683
What are the prime factors of 6358729?
13, 489133
What are the prime factors of 495617?
495617
List the prime factors of 589583.
589583
What are the prime factors of 408825?
3, 5, 23, 79
List the prime factors of 76643.
7, 10949
What are the prime factors of 42885?
3, 5, 953
List the prime factors of 7876271.
13, 605867
What are the prime factors of 1169412?
2, 3, 19, 23, 223
List the prime factors of 2195000.
2, 5, 439
What are the prime factors of 628571?
41, 15331
What are the prime factors of 13087305?
3, 5, 7, 11, 1259
List the prime factors of 24469613.
7, 17, 205627
What are the prime factors of 48817?
48817
What are the prime factors of 673345?
5, 134669
What are the prime factors of 2452203?
3, 13, 20959
What are the prime factors of 4348649?
31, 151, 929
What are the prime factors of 10046017?
179, 56123
List the prime factors of 8388452.
2, 733, 2861
List the prime factors of 7891123.
7891123
List the prime factors of 144166.
2, 11, 6553
What are the prime factors of 5782212?
2, 3, 37, 1447
List the prime factors of 1014813.
3, 112757
What are the prime factors of 28670762?
2, 181, 79201
What are the prime factors of 1896768?
2, 3, 37, 89
List the prime factors of 4286438.
2, 13, 19, 8677
What are the prime factors of 1466165?
5, 17, 47, 367
What are the prime factors of 1929351?
3, 167, 3851
What are the prime factors of 14643964?
2, 223, 16417
What are the prime factors of 5105123?
5105123
What are the prime factors of 17966921?
7, 29, 67, 1321
List the prime factors of 269205.
3, 5, 131, 137
What are the prime factors of 1418305?
5, 7, 827
List the prime factors of 2435325.
3, 5, 19, 1709
List the prime factors of 22711.
13, 1747
List the prime factors of 713973.
3, 13, 18307
What are the prime factors of 8046443?
19, 423497
What are the prime factors of 16473034?
2, 17, 73, 6637
List the prime factors of 17960280.
2, 3, 5, 13, 29, 397
What are the prime factors of 1647890?
2, 5, 164789
List the prime factors of 3144737.
3144737
What are the prime factors of 6685366?
2, 3342683
List the prime factors of 3971842.
2, 7, 40529
What are the prime factors of 10435109?
521, 20029
List the prime factors of 328864.
2, 43, 239
List the prime factors of 456689.
257, 1777
What are the prime factors of 17177904?
2, 3, 119291
List the prime factors of 492100.
2, 5, 7, 19, 37
What are the prime factors of 1548347?
1548347
What are the prime factors of 3887084?
2, 17, 57163
List the prime factors of 31594120.
2, 5, 283, 2791
What are the prime factors of 2929437?
3, 7, 46499
What are the prime factors of 562927?
107, 5261
List the prime factors of 1134189.
3, 7, 17, 353
What are the prime factors of 495797?
495797
List the prime factors of 261467.
261467
List the prime factors of 931728.
2, 3, 7, 47, 59
List the prime factors of 7883330.
2, 5, 7, 13, 8663
List the prime factors of 174166.
2, 87083
What are the prime factors of 1413411?
3, 471137
What are the prime factors of 252341?
252341
List the prime factors of 258370.
2, 5, 7, 3691
What are the prime factors of 122826?
2, 3, 11, 1861
What are the prime factors of 2761243?
607, 4549
What are the prime factors of 207233?
13, 19, 839
What are the prime factors of 2949447?
3, 983149
List the prime factors of 441775.
5, 41, 431
What are the prime factors of 15889426?
2, 7, 281, 577
List the prime factors of 209204.
2, 52301
What are the prime factors of 403798?
2, 101, 1999
List the prime factors of 2234557.
13, 171889
What are the prime factors of 2951001?
3, 327889
What are the prime factors of 4103280?
2, 3, 5, 41, 139
What are the prime factors of 221232?
2, 3, 11, 419
What are the prime factors of 889772?
2, 13, 71, 241
What are the prime factors of 20460?
2, 3, 5, 11, 31
List the prime factors of 44896.
2, 23, 61
List the prime factors of 12419653.
1471, 8443
List the prime factors of 27583.
27583
What are the prime factors of 28887462?
2, 3, 59, 9067
What are the prime factors of 5293391?
5293391
List the prime factors of 72323.
31, 2333
What are the prime factors of 288509?
13, 22193
What are the prime factors of 466006?
2, 41, 5683
List the prime factors of 259891.
293, 887
What are the prime factors of 3178442?
2, 1231, 1291
List the prime factors of 158089.
149, 1061
List the prime factors of 113241.
3, 37747
List the prime factors of 3318428.
2, 593, 1399
What are the prime factors of 1160516?
2, 7, 31, 191
List the prime factors of 607971.
3, 7, 13, 17, 131
What are the prime factors of 19377074?
2, 19, 419, 1217
What are the prime factors of 6791349?
3, 157, 14419
What are the prime factors of 19224468?
2, 3, 534013
What are the prime factors of 140873?
179, 787
List the prime factors of 210250.
2, 5, 29
List the prime factors of 2848456.
2, 13, 61, 449
List the prime factors of 7589076.
2, 3, 11, 5749